base 5) to base 9
3
1300 (base 5) to base 6
532
What is 15 (base 10) in base 12?
13
What is 108 (base 9) in base 5?
324
11 (base 2) to base 5
3
What is -343 (base 5) in base 11?
-8a
What is 11100 (base 2) in base 9?
31
5 (base 15) to base 4
11
What is 65 (base 16) in base 5?
401
Convert 101 (base 13) to base 9.
208
What is 2 (base 3) in base 12?
2
What is 3 (base 14) in base 10?
3
-27 (base 11) to base 15
-1e
What is 3 (base 8) in base 9?
3
What is -5 (base 12) in base 11?
-5
-3031 (base 4) to base 10
-205
What is 1142 (base 6) in base 10?
278
-1000 (base 2) to base 12
-8
What is -25 (base 10) in base 6?
-41
What is -a (base 14) in base 2?
-1010
What is -4 (base 9) in base 5?
-4
-11 (base 11) to base 6
-20
Convert -50 (base 15) to base 16.
-4b
What is -101110 (base 2) in base 7?
-64
What is c9 (base 14) in base 9?
216
-10000111 (base 2) to base 16
-87
Convert 4 (base 13) to base 14.
4
What is -15 (base 15) in base 11?
-19
Convert -25 (base 8) to base 9.
-23
What is 3b (base 13) in base 6?
122
What is 14 (base 9) in base 15?
d
Convert 2a (base 11) to base 14.
24
16 (base 11) to base 15
12
Convert 1 (base 3) to base 11.
1
What is -55 (base 16) in base 9?
-104
Convert 12 (base 12) to base 4.
32
-23 (base 4) to base 2
-1011
-38 (base 11) to base 13
-32
What is 112 (base 3) in base 7?
20
What is 13 (base 16) in base 3?
201
-5 (base 14) to base 11
-5
What is -10 (base 4) in base 6?
-4
1e (base 15) to base 5
104
Convert 6 (base 12) to base 7.
6
What is 22 (base 13) in base 14?
20
Convert 57 (base 10) to base 11.
52
Convert 2 (base 14) to base 4.
2
Convert 2 (base 12) to base 3.
2
Convert 141 (base 6) to base 13.
49
-102 (base 4) to base 13
-15
Convert 2 (base 4) to base 10.
2
Convert -13 (base 10) to base 7.
-16
-11011100 (base 2) to base 14
-11a
What is 0 (base 9) in base 6?
0
-16 (base 15) to base 13
-18
-1322 (base 6) to base 11
-288
What is 0 (base 13) in base 4?
0
What is -1 (base 8) in base 7?
-1
-525 (base 6) to base 3
-21022
-2 (base 3) to base 4
-2
What is -23 (base 12) in base 15?
-1c
What is -28 (base 16) in base 15?
-2a
What is 2 (base 7) in base 12?
2
-3 (base 6) to base 7
-3
1100 (base 2) to base 15
c
Convert 110101 (base 2) to base 12.
45
What is -3 (base 8) in base 3?
-10
43 (base 9) to base 16
27
-1112 (base 4) to base 8
-126
Convert 385 (base 10) to base 4.
12001
What is 177 (base 11) in base 14?
109
Convert -6a (base 13) to base 4.
-1120
Convert 3 (base 4) to base 15.
3
53 (base 6) to base 4
201
Convert 1e (base 15) to base 16.
1d
Convert -6 (base 15) to base 5.
-11
334 (base 5) to base 15
64
30 (base 8) to base 16
18
Convert -15 (base 14) to base 11.
-18
What is -23 (base 5) in base 6?
-21
-342 (base 5) to base 9
-117
Convert fe (base 16) to base 5.
2004
Convert -3 (base 6) to base 10.
-3
What is -2 (base 12) in base 4?
-2
Convert 1 (base 9) to base 15.
1
-2b (base 12) to base 13
-29
What is 453 (base 6) in base 2?
10110001
-323 (base 7) to base 11
-13a
Convert -5 (base 8) to base 11.
-5
-1 (base 10) to base 6
-1
Convert -2 (base 15) to base 13.
-2
Convert 1 (base 12) to base 15.
1
Convert 2 (base 4) to base 16.
2
-11 (base 2) to base 11
-3
What is 255 (base 10) in base 6?
1103
-112 (base 3) to base 6
-22
Convert -57 (base 13) to base 14.
-52
What is b (base 15) in base 5?
21
Convert -10 (base 7) to base 4.
-13
Convert -3 (base 13) to base 10.
-3
Convert -14 (base 10) to base 6.
-22
100001 (base 2) to base 5
113
What is -3 (base 11) in base 8?
-3
Convert 15 (base 9) to base 3.
112
What is -6 (base 9) in base 16?
-6
7 (base 13) to base 11
7
3203 (base 4) to base 12
16b
What is -1 (base 11) in base 2?
-1
Convert 225 (base 6) to base 5.
324
-82 (base 16) to base 14
-94
Convert -27 (base 14) to base 10.
-35
Convert -2 (base 14) to base 13.
-2
What is 11 (base 2) in base 9?
3
Convert 28 (base 11) to base 8.
36
Convert -6 (base 8) to base 5.
-11
-9 (base 16) to base 13
-9
What is c0 (base 15) in base 16?
b4
2f (base 16) to base 6
115
What is -3 (base 8) in base 10?
-3
-1032 (base 4) to base 11
-71
1010 (base 3) to base 13
24
Convert -93 (base 10) to base 4.
-1131
Convert 100 (base 2) to base 12.
4
What is -46 (base 12) in base 4?
-312
Convert 2 (base 8) to base 15.
2
What is -1100 (base 4) in base 5?
-310
What is 2 (base 11) in base 8?
2
Convert 1a (base 13) to base 11.
21
92 (base 14) to base 5
1003
Convert 1020 (base 4) to base 6.
200
1031 (base 6) to base 13
151
Convert 21 (base 6) to base 14.
d
5 (base 9) to base 12
5
What is -111 (base 4) in base 16?
-15
7d (base 15) to base 3
11101
18 (base 10) to base 2
10010
-22 (base 5) to base 8
-14
Convert -8 (base 9) to base 10.
-8
Convert 3 (base 11) to base 3.
10
Convert 1111 (base 3) to base 6.
104
Convert 0 (base 16) to base 4.
0
Convert -21 (base 4) to base 3.
-100
Convert 101 (base 3) to base 8.
12
-1 (base 16) to base 14
-1
What is 3 (base 7) in base 2?
11
What is -10 (base 2) in base 14?
-2
-8 (base 13) to base 14
-8
What is 3 (base 6) in base 9?
3
Convert -1 (base 5) to base 8.
-1
What is -1220 (base 3) in base 16?
-33
Convert 5 (base 6) to base 2.
101
-5 (base 11) to base 3
-12
Convert -7 (base 8) to base 11.
-7
What is 378 (base 10) in base 13?
231
Convert -12 (base 12) to base 5.
-24
-33 (base 5) to base 10
-18
Convert -17 (base 13) to base 12.
-18
-4 (base 16) to base 11
-4
What is -4 (base 10) in base 15?
-4
What is 40 (base 10) in base 8?
50
What is 2 (base 5) in base 14?
2
Convert 1 (base 7) to base 9.
1
Convert 10 (base 15) to base 4.
33
What is -7 (base 16) in base 9?
-7
-a1 (base 13) to base 3
-11212
What is 11 (base 8) in base 16?
9
What is 1 (base 3) in base 16?
1
What is -101 (base 3) in base 11?
-a
What is -1 (base 13) in base 7?
-1
Convert 29 (base 16) to base 9.
45
Convert 11 (base 6) to base 4.
13
135 (base 8) to base 11
85
101001 (base 3) to base 9
331
Convert 2 (base 4) to base 13.
2
-d (base 16) to base 15
-d
-19b (base 15) to base 8
-563
Convert 12 (base 10) to base 15.
c
Convert -3b (base 16) to base 2.
-111011
What is b (base 12) in base 11?
10
What is 2 (base 13) in base 2?
10
What is 58 (base 9) in base 11?
49
6 (base 13) to base 14
6
What is 100220 (base 3) in base 14?
151
What is 23 (base 7) in base 8?
21
-1 (base 12) to base 7
-1
Convert -54 (base 6) to base 7.
-46
11 (base 16) to base 9
18
What is 1 (base 16) in base 14?
1
What is -35 (base 13) in base 7?
-62
-254 (base 8) to base 14
-c4
What is -100011 (base 2) in base 7?
-50
Convert 5 (base 6) to base 11.
5
Convert -27 (base 14) to base 11.
-32
-8 (base 9) to base 7
-11
What is -30 (base 5) in base 4?
-33
What is -1000 (base 2) in base 6?
-12
Convert -7 (base 8) to base 15.
-7
What is 7 (base 8) in base 13?
7
-12 (base 14) to base 7
-22
-b (base 16) to base 10
-11
What is 1011 (base 3) in base 14?
23
What is 1 (base 8) in base 11?
1
What is 4 (base 14) in base 11?
4
What is 6 (base 15) in base 3?
20
-3a (base 15) to base 10
-55
What is 2a (base 11) in base 13?
26
Convert -2 (base 5) to base 13.
-2
What is -4 (base 11) in base 9?
-4
Convert 10 (base 2) to base 7.
2
2 (base 12) to base 11
2
-56 (base 9) to base 11
-47
75 (base 16) to base 14
85
Convert 210 (base 6) to base 11.
71
What is 63 (base 9) in base 16?
39
Convert 21 (base 5) to base 4.
23
30 (base 4) to base 16
c
Convert 2 (base 10) to base 14.
2
Convert -1000001 (base 2) to base 7.
-122
What is 4a (base 16) in base 15?
4e
What is 2a (base 14) in base 13?
2c
Convert 0 (base 12) to base 10.
0
Convert -10 (base 13) to base 15.
-d
-107 (base 8) to base 16
-47
Convert 22 (base 5) to base 16.
c
8 (base 15) to base 11
8
3 (base 16) to base 4
3
Convert 1202 (base 4) to base 15.
68
What is 18 (base 15) in base 16?
17
What is 304 (base 5) in base 16?
4f
-34 (base 5) to base 4
-103
What is 12 (base 7) in base 8?
11
Convert -154 (base 7) to base 11.
-80
What is 17 (base 11) in base 8?
22
Convert 86 (base 14) to base 5.
433
What is 26 (base 8) in base 10?
22
Convert 7 (base 13) to base 9.
7
What is -4 (base 9) in base 15?
-4
What is 56 (base 13) in base 2?
1000111
Convert -2 (base 8) to base 4.
-2
Convert 65 (base 13) to base 14.
5d
Convert -1 (base 6) to base 11.
-1
1 (base 5) to base 3
1
Convert 0 (base 15) to base 8.
0
What is -da (base 14) in base 15?
-cc
-4 (base 7) to base 3
-11
What is 0 (base 8) in base 5?
0
-24 (base 7) to base 3
-200
What is 